08) - 12/(-34) is divided by 1211.
3
Suppose 0 = -2*p + 17 - 59. Let g be 0 + 267/p - (-2)/(-7). Calculate the remainder when 3 is divided by (g/3 - -4) + (-8)/(-6).
0
Suppose 0 = 795*c - 783*c - 2904. Calculate the remainder when c is divided by 28.
18
Let c(x) be the first derivative of x**2/2 - 42. Let b be c(3). Suppose -4*t + 31 = b*p, 2*t = -2*p + 7*t + 13. What is the remainder when 35 is divided by p?
8
Let n(b) = 183*b**2 - 3*b. What is the remainder when 357 is divided by n(1)?
177
Suppose 0*x - 2*x = 0. Let z(f) = -15*f**3 + 10*f - 2. Let r be z(-3). Suppose t = -1, 5*y + 2*t - r = -x*t. What is the remainder when y is divided by 13?
10
Suppose 3*c - 7 = -13. Let o be 0 + (-41)/c - 1/(-2). Suppose -b = -12 - o. Calculate the remainder when b is divided by 12.
9
Let s = -594 + 458. Let z = 159 + s. Suppose -2*n + 24 = 2*f, 3*f + 5*n + 24 = 5*f. Calculate the remainder when z is divided by f.
11
Suppose -6 = -f - 2*q, -4*f + 2*q = -0*f - 44. Let c(j) = 203*j - 17219. What is the remainder when c(86) is divided by f?
9
Suppose -22*y = -19*y - 15. Suppose -175 = -y*g + 210. Calculate the remainder when g is divided by 14.
7
Let p = -86 + 101. Calculate the remainder when (-570)/(-8) - (-137)/(-548) is divided by p.
11
Suppose 2*w - 337 = -5*o, 2*w - 6*o + 6 = 376. Calculate the remainder when 1401 is divided by w.
169
What is the remainder when (1 - 18/22) + (2997/33)/1 is divided by 36?
19
Let x = -6672 - -6698. Calculate the remainder when x is divided by 17*1 - (-4 + 4).
9
Let c = -101 - -168. Let z be (0 + -1)*(72 - 72). Suppose z = -0*i + i - c. Calculate the remainder when i is divided by 25.
17
Let y(x) = -x**2 + 190*x + 4460. Calculate the remainder when 2573 is divided by y(-21).
21
Suppose 2*w = v - 10, -2*v + w - 211 + 249 = 0. Calculate the remainder when 6025 is divided by v.
19
Let d be 2/1*(-27)/(-18). Suppose d*k - 4*k = 3*p + 1, 0 = 4*p + k + 3. Calculate the remainder when 73 is divided by p/6*(-13 + 4) + 18.
10
Let p(n) = -2*n**3 - 68*n**2 - 14*n + 126. Calculate the remainder when p(-34) is divided by 11.
8
Suppose -15*g + 10*g = 5*x + 5, -3*x = -5*g - 5. Let j = 22 - 16. Calculate the remainder when 4 + 5 + -4 + x + 3 is divided by j.
2
Let n = -43 - -45. Suppose -3*v - 5 = -5*p, n*v - 3 - 15 = -2*p. What is the remainder when 103/6 - v/30 is divided by 6?
5
Suppose 0 = 21*k + 1 + 41. What is the remainder when k/(-6) - 3332/(-147) is divided by ((-4)/(-6))/(1/21)?
9
Let p = 5068 + -4789. Calculate the remainder when 761 is divided by p.
203
Suppose 129*g = 176*g - 17249. Calculate the remainder when g is divided by 14.
3
Let k = 3576 + -1820. Calculate the remainder when k is divided by 110.
106
Suppose 43*l - 7225 = -42*l. Calculate the remainder when 1948 is divided by l.
78
Let s(a) = -a**3 + 28*a**2 - 35*a + 179. Let p be s(27). Calculate the remainder when -20*(-1 + p/5) is divided by 55.
3
Let w = 4 - 14. Let c = 25 + w. Suppose 912 = 19*t - 3*t. Calculate the remainder when t is divided by c.
12
Let u(w) be the second derivative of w**3/2 + 13*w**2/2 - 6*w + 6. Calculate the remainder when u(25) is divided by 26.
10
Let u(q) = q**2 + 18*q - 85. Let l = 34 - 56. Let p be u(l). Let y(w) = w**3 + 5*w**2 - 2*w - 2. What is the remainder when y(p) is divided by 23?
18
Suppose 672 = -104*y + 107*y - 5*a, -684 = -3*y + 3*a. What is the remainder when y is divided by 76?
6
Suppose 0 = -31*n - 188 + 4382 + 7927. What is the remainder when n is divided by 19?
11
Suppose 54*i - 57*i + 42 = 0. What is the remainder when 19 is divided by (38/(-6) - -5)*(-105)/i?
9
Let o = -7040 - -7052. Let n be 28/(32/14 - 2). Suppose -n = -2*r - o*r. What is the remainder when 26 is divided by r?
5
Let j = -293 - -118. Let z = -126 - j. Calculate the remainder when 191 is divided by z.
44
Suppose -2*r = 5*x - 23622, -14*x + 2*r = -9*x - 23598. Calculate the remainder when x is divided by 5.
2
What is the remainder when 602 is divided by (-2 + 72/(-14))/((-79)/1659)?
2
Suppose 149*z - 142*z = -10458. Calculate the remainder when (z/(-12))/(5 + (-17)/4) is divided by 14.
12
Let q = 353 - 243. Let b(h) = -477*h - 4285. What is the remainder when q is divided by b(-9)?
6
Suppose 0 = -3*y - 24 + 81. Let c = -36 + 41. Calculate the remainder when y is divided by (-4)/10 + 22/c.
3
Suppose -55 = 4*p + 3*u, -p - 14 = -2*u - 3. Let n(c) = -4*c - 45. What is the remainder when 21 is divided by n(p)?
0
Let x = 59 + -63. Let u(d) = -d**3 - 5*d**2 + 9. Let i be u(x). Calculate the remainder when 2/i - 5168/(-56) is divided by 19.
16
Let j(s) = s**3 + 15*s**2 - 14*s - 1. Let v be j(-15). Suppose k = -3*k + 5*m + 185, -4*k + v = 3*m. Calculate the remainder when k is divided by 18.
14
Suppose 0 = 91*l + 111808 - 167487 - 226785. What is the remainder when l is divided by 1024?
32
Let h = 5 - 6. What is the remainder when 0 - 472/(-22) - 1872/(-3432) is divided by h - (1 + -4 - 6)?
6
Let l(o) = -o**3 - 13*o**2 + 2*o + 32. Let g be l(-13). Suppose 3190 = -g*u + 17*u. Calculate the remainder when u is divided by 73.
71
Suppose 44*o + 60*o = -10*o + 15960. Calculate the remainder when 565 is divided by o.
5
Suppose 116609 = 313*y - 72130. What is the remainder when y is divided by 201?
0
Let y(n) = -5596*n + 39315. Let o be (-1)/(-4) - 60/(-16). Suppose 5*d + 70 = 5*p, d + 95 = o*p + 27. What is the remainder when y(7) is divided by p?
17
Let n(t) = -2*t**2 - 63*t + 214. Calculate the remainder when 558 is divided by n(-32).
12
Let n = 982 - 953. Let h(o) = o**3 + 14*o**2 - 14*o + 6. Suppose 3*b - 2*s + 45 = s, 2*b = -3*s - 25. What is the remainder when h(b) is divided by n?
28
Let z = 97 + -9. Suppose -3*t + z = t. Suppose t - 64 = -6*x. Calculate the remainder when 48 is divided by x.
6
What is the remainder when (-494844)/(-54) - 2/(-18)*2 is divided by 141?
140
Let i = 2104 - 2099. Let m = -5 + 10. Suppose 100 = m*o + 35. What is the remainder when o is divided by i?
3
Suppose 23*a - 19*a - v = 2876, -2876 = -4*a - v. Let x = 1173 - a. What is the remainder when x is divided by 91?
90
Let o(n) = -61*n - 1060. Calculate the remainder when o(-30) is divided by 188.
18
Suppose -3*y = 2*w + 209, -3*y + 2*w = 24 + 181. Let o = -10 + 11. Calculate the remainder when 38 is divided by (-3)/9*y + (-3)/o.
18
Suppose n - 4*n + 12 = 0. Suppose -3*c + 2*j + 26 = 7*j, -5*c + n*j = 6. Calculate the remainder when 0/c - (-9 - 12) is divided by 6.
3
Suppose 0 = 3*k + 5*q - 3*q + 2, -20 = -2*k + 4*q. Suppose 0 = k*w + 5*w - 301. Suppose -2*c = -0*c - 338. Calculate the remainder when c is divided by w.
40
Let x = -4161 + 6287. Calculate the remainder when x is divided by 28.
26
Suppose 4*n = -2*t + 186, -5*t - 60 = -n - t. Let j(k) = 8*k + 13. Let p be j(4). Suppose -p*m + 75 = -42*m. What is the remainder when n is divided by m?
23
Suppose 7*z - 2*z = -515. Let i = 121 + z. What is the remainder when 71 is divided by i?
17
Suppose 19 = p - 20. Suppose -p*x = -34*x. Suppose x*g + 420 = 5*g. Calculate the remainder when g is divided by 44.
40
Suppose 134 = 4*x + 4*o - 1486, -5*x - o = -2041. Let p = x - 194. What is the remainder when p is divided by 36?
35
Calculate the remainder when 180*(-19)/(342/12)*(-90)/8 is divided by 4.
2
Suppose 0 = -841*c + 837*c + 164. Suppose 63 = b + 2*b + 5*d, 0 = 5*b + 4*d - 118. Calculate the remainder when c is divided by b.
15
Let a = 1352 + -1007. What is the remainder when a is divided by 334?
11
What is the remainder when (-1)/(-5)*(-53 - 1 - -8)*-805 is divided by 26?
22
Suppose -z - 5*r = 7, -4*r - 3 = -r. Let y(l) = 3*l**2 - 4*l - 1. Calculate the remainder when 106 is divided by y(z).
11
Let k(s) = -s + 22. Let u be k(-2). What is the remainder when 1812/u + (3/2 - 1) is divided by 20?
16
Let q(y) = y**3 - 21*y**2 + 17*y + 65. Suppose 63 = 4*k - 17. What is the remainder when (1 - 0 - 0)*15 is divided by q(k)?
0
Suppose 18*h - 1975 - 3386 - 525 = 0. Calculate the remainder when h is divided by 163.
1
Let g = 18 - 23. What is the remainder when -5*g/(25/5) is divided by (0 + 4)*-1*(-5)/4?
0
Let x(a) = -a**3 + 9*a**2 + 2*a - 13. What is the remainder when x(6) is divided by 57?
50
What is the remainder when (-2844)/(-10)*5 + -4 + -5 is divided by 33?
27
Let f = 4461 + -572. What is the remainder when f is divided by 229?
22